- 10*k + 43. Let w be (3/12)/(3/84). Suppose 0 = -w*r + 6*r. Calculate c(r).
-10
Suppose 2*d - 4 = 2. Let u(g) = g**2 + g + 1. Let q(k) = -5*k**2 - 9*k - 5. Let i(x) = -q(x) - 6*u(x). Give i(d).
-1
Let m(l) = l - 8. Let j = -183 + 184. Suppose 0 = -2*w + 22 + 18. Let x be (j/(-2))/((-2)/w). Calculate m(x).
-3
Let o(i) be the third derivative of 0 + 3/4*i**4 + 0*i - 1/6*i**3 - 4*i**2. Give o(1).
17
Let a(t) = -t. Suppose 2*w - 7*w = -5. Let o be 4 + 2 + (-3 - w). Suppose d + 3*g - 2 = -0*d, -o*d + 12 = -2*g. Calculate a(d).
-5
Let c(x) = -x**3 + 9*x**2 - 7*x - 11. Let s be (-3 - 135/(-35))/((-6)/(-56)). Determine c(s).
-3
Let n(m) = 7*m + m - 15*m + 8*m - 6. Calculate n(-4).
-10
Suppose -10 = -4*t - 2*b, -38 = -4*b - 34. Let o(m) = 3*m**3 + 2*m**2 - 5*m + 5. Let u(n) = 4*n**3 + 2*n**2 - 6*n + 6. Let d(g) = 6*o(g) - 5*u(g). What is d(t)?
-8
Let p(b) = b**2 + b. Let f be p(-3). Let r = f + -6. Let d(z) = 2 - 12 + z**3 + 0 + 6. Give d(r).
-4
Let s(l) = -l**2 + 5*l - 4. Let c = 227 - 223. Calculate s(c).
0
Suppose 5 - 19 = -2*h + 2*o, 4*h = -5*o - 8. Let z(y) = y. Calculate z(h).
3
Let o(l) = -2*l**2 + 47*l - 143*l + 48*l + 47*l. Suppose p = -3 + 5. What is o(p)?
-10
Let y(g) = g**2 - 4*g - 5. Let n = 10 + -27. Let j = n - -22. Give y(j).
0
Let c(n) = 4*n**3 + n**2 + 2*n + 1. Suppose -7*f = -12*f + 30. Suppose 5*i - f - 4 = 0. Let b be (2 + 0)/(-4)*i. What is c(b)?
-4
Let g(b) = -b**3 + 11*b**2 + 8. Let p(l) = -7*l - 269. Let s be p(-40). Calculate g(s).
8
Let a(h) = -h**3 - 5*h**2 + 6*h + 2. Suppose 5*n - 3*w + 17 = -8, 10 = -2*n - 3*w. Calculate a(n).
-28
Let d(a) = -4*a**2 - a - 1. Suppose 4*t - 13 = 7. Suppose 5*u - 11 = 4*n, -2*n + 7 = 5*u - t*n. Determine d(u).
-4
Let m(c) = 10 - 5*c + 16*c - 5*c - 2 - 7*c. Give m(-10).
18
Suppose -m = -4*z - 25, 5*z + 4*m + 5 + 0 = 0. Let n(l) = l + 23. Let p(k) = 2*k + 27. Let r(u) = -6*n(u) + 5*p(u). Determine r(z).
-23
Let w be -42*((-1)/(-8))/(3/(-12)). Let z(h) = -h**2 + 21*h + 3. Determine z(w).
3
Let x(s) be the second derivative of -s**3/6 + s. Suppose 82 = 38*q - 108. Calculate x(q).
-5
Let f(h) = h + 6. Let x(a) = a**2 - 13*a + 6. Let b be x(12). Let q(n) = -n - 7. Let j(s) = b*f(s) - 5*q(s). Calculate j(-1).
0
Let t(p) be the third derivative of p**4/24 - p**3/6 - p**2. Let b be (1 + -1)*2/2. Suppose b = 5*w + 14 + 6. Give t(w).
-5
Let o(p) = 2*p**2 + p - 1. Let t be o(-2). Let f(w) be the third derivative of -w**4/12 + 7*w**3/6 - 5*w**2. Determine f(t).
-3
Suppose -2*d + 0 = -14. Suppose d*a + 8 = -a. Let j(b) = b - 1. Give j(a).
-2
Let j(w) = -7*w**3 - 9*w**2 - 7*w + 3. Let l(o) = 3*o**3 + 5*o**2 + 4*o - 1. Let t(n) = -2*j(n) - 5*l(n). Let y be 3*(-544)/(-680)*(1 - 7/2). Give t(y).
-1
Let f(o) = -14*o**2 + 2*o + 1. Let q be 1 + (-39)/21 - (-1)/(-7). Determine f(q).
-15
Let c(w) be the third derivative of w**4/12 + 4*w**3/3 - 45*w**2. Let s(j) = -10*j**2 + 1. Let l be s(-1). Give c(l).
-10
Let l = -452 + 454. Suppose 3*u = t - 1, 0 = 4*u - 5*t + 3 + 13. Let q(a) = a + a - 3*a + u. Calculate q(l).
-1
Let a(i) be the third derivative of -i**6/120 + i**3/6 + 21*i**2. Let h be (-30)/75 + (-7)/(-5). Calculate a(h).
0
Let f(o) = -60*o**3 + o**2 + o. Let z = 875 - 876. What is f(z)?
60
Let j(s) = -1 - 1 + 4*s - 2*s - 3 + 2*s**2. Let n(d) = 248*d - d**2 + 1 - 248*d. Let a(y) = j(y) + 3*n(y). Calculate a(3).
-5
Suppose y + 13*y - 56 = 0. Suppose -48 = -2*d - y*d. Let o(m) = m**2 - 6*m - 2. Give o(d).
14
Let g be 4/(-8) + 3/(-2). Let x be (-6 + (-1 - g))/(-1). Let u(z) = 13*z + 12*z + 5*z - 31*z. What is u(x)?
-5
Let r = -6 - -5. Let p be (-3 + 1 - r)/1. Let l be (-3 + 2)*(p - -7). Let i(k) = k**2 + 6*k - 1. Calculate i(l).
-1
Let a(f) = -11*f**2 + 23*f - 1. Let v(t) = 2 - 7*t**2 - 2 + 15*t - 1. Let h(p) = -5*a(p) + 8*v(p). Let z(y) = -y - 5. Let c be z(-8). Calculate h(c).
3
Let f(y) = -y**2 + 5*y + 7. Suppose 0 = 20*j - 33 + 113. Calculate f(j).
-29
Let w(u) = 2*u + 197*u**2 - 409*u**2 + 213*u**2 + 4. What is w(-8)?
52
Let n(c) = c**2 - 4*c - 7. Let j(l) = l**2 + 7*l - 5. Let d be j(-9). Suppose 18*f = d*f + 30. Give n(f).
5
Let l(b) = 7*b - 1. Suppose 48 = 4*j - 0*c + 2*c, 3*c = -4*j + 48. Let h be 2*9/j - 8/(-16). Determine l(h).
13
Suppose 0 = 569*x - 557*x + 84. Let n(h) = -h**2 - 14*h - 5. Calculate n(x).
44
Let m(l) = -l + 3. Let s(h) = h**2 + 5*h + 7. Suppose -8 = 2*d - 0*d. Let u be s(d). Determine m(u).
0
Let m be 1 - 6/3 - 17. Let l be 24/m*(-9)/6. Suppose j = -j + l. Let i(z) = 3*z**2 - 1. Give i(j).
2
Let m(w) be the first derivative of w**4/4 + 8*w**3/3 + 3*w**2 - 7*w + 1. Let p = -146 + 150. Suppose 4*k - 4*x + 28 = 0, 14 = -2*k - p*x - x. What is m(k)?
0
Let m(y) = -y**2 - 4*y + 11. Let f = 170 - 176. Calculate m(f).
-1
Let h be 121/33 - (8/(-6))/4. Let a(l) = l + l**2 - 8*l**2 - h + 4 - l**3 - 4. What is a(-7)?
-11
Let h(g) be the second derivative of -g**3/3 - 3*g**2/2 + 82*g - 2. What is h(-2)?
1
Let u = 30 - 27. Suppose -2*n + 10 = u*n. Let p(o) = 0*o + 1 + o + 0*o - 8*o. Determine p(n).
-13
Suppose -6 + 4 = -c. Suppose -c*u - 24 = -4*u. Let l = u - 12. Let y(m) = m - 9. Give y(l).
-9
Let f(i) be the third derivative of i**6/120 - i**5/12 - 7*i**4/24 + 7*i**3/3 + 126*i**2 + i. Determine f(6).
8
Let b(f) = 71*f + 70. Let c be b(-1). Let d(h) = 13*h + 1. Calculate d(c).
-12
Let q(v) = -v**3 - 15*v**2 - v - 16. Let a be q(-15). Let r(z) = 5*z**3 + z**2 + 2*z + 2. Give r(a).
-4
Suppose 5*b = 3*f + 16, -3*f + b + 2*b = 18. Let q(t) = t**2 + 9*t + 9. Calculate q(f).
-5
Suppose z - 2 = 0, -3*o - 2*z = 2*z + 100. Let b = o - -45. Let d(s) = s**3 - 8*s**2 - 9*s - 6. What is d(b)?
-6
Suppose 2*k - 12 = -16. Let i(s) = s**3 - s**2 + s - 1. Calculate i(k).
-15
Let n(a) = 5*a + 4. Let l(j) = 2*j**3 + 44*j**2 + 43*j + 19. Let o be l(-21). Calculate n(o).
-6
Let a(b) = -b**2 + 7*b - 3. Suppose -16 = 14*r - 100. Calculate a(r).
3
Let d(j) = j**2 + 12*j + 12. Let z be d(-12). Suppose -y = -z + 10. Let o(r) = -4 - 3*r - 2 + 4. What is o(y)?
-8
Let c(p) = p - 1 + 2 + 0. Let i be (-8 - 342/(-27))*(-12)/(-14). Calculate c(i).
5
Let r(y) be the third derivative of y**6/120 + y**5/5 + 11*y**4/24 + y**3/6 + 9*y**2. Let l be r(-11). Let j(b) = -26*b**3 + b**2 - 2*b + 1. Give j(l).
-26
Let q = -275 + 271. Let t(j) = 2*j + 1. Calculate t(q).
-7
Let l(v) be the second derivative of -v**5/20 - 5*v**4/12 - v**3/2 - 78*v. What is l(-3)?
-9
Let d be (-11 + 12)/((-2)/(-8)). Suppose 2*m + 2 - 12 = 2*y, 0 = d*m + 2*y + 4. Let k be 3 + m/(-2)*10. Let p(r) = -4*r + 1. What is p(k)?
9
Let y(j) = 21*j - 2*j**3 - 9*j**2 + 2 - 3*j**3 - 38*j + 4*j**3 + 7*j. Give y(-8).
18
Let y(k) = -2*k**2 + 11*k + 10. Let q(a) = 31*a - 552. Let v be q(18). What is y(v)?
4
Let q(s) be the second derivative of -11*s**3/6 + 2*s**2 + 3*s - 1. Determine q(3).
-29
Let d(f) be the third derivative of f**6/120 + f**5/12 + f**3/6 - 22*f**2. Let t(c) = -6*c**3 + 1. Let w be t(1). Determine d(w).
1
Let h(g) be the first derivative of 6*g**3 - 104. Let r be 0 + 5/(-10)*2. What is h(r)?
18
Let u(j) = 2*j**2 - 11*j - 5. Let s(a) = a**2 - 9*a - 4. Let n(z) = 6*s(z) - 5*u(z). Give n(-1).
-4
Let m(c) = 2*c - 5. Let w be -25 - (2 + -3 + 2). Let b = 35 + w. Let f be (-4)/(0 + (-6)/b). Determine m(f).
7
Let u = 29 - 25. Let g be u*((-9)/21)/(4/21). Let k(f) = f + 6. Calculate k(g).
-3
Let d(p) be the first derivative of 0*p + 1 - 1/3*p**3 - 7/2*p**2 - 1/6*p**4. Let y(z) be the second derivative of d(z). What is y(2)?
-10
Let s(g) = 3 + 57*g**3 - 3 - 58*g**3 + g - 4*g - 3. What is s(-2)?
11
Let c(b) be the first derivative of 1/4*b**4 + 1/2*b**2 + 1 + 3*b + 0*b**3. Suppose 2*p + 25 = 5*v, 2*p = v + 54 - 59. Determine c(p).
3
Let f(q) = -4*q**2 - 10*q + 9*q**2 - 2*q**2 + 2*q - 2*q**2. Calculate f(4).
-16
Suppose 157 - 162 = -5*y. Let i(t) = -41*t**2 - t. Calculate i(y).
-42
Let o(p) = p + 6. Let w be o(-2). Let y(f) = -5 + 8 + f - 3. Give y(w).
4
Suppose -5*x + 24 = x. Let f(d) = d**3 - 3*d**2 + d**3 - x*d**2 + 11*d**2 + 2*d. Determine f(-2).
-4
Let c = 5 - 2. Suppose -l = -3*w + 4, 3*w - 2*l - 3 = -4. Let u(x) = 7*x**2 - c - 7*x + x**3 + 4 - w*x**2. Give u(-5).
11
Let d(m) = 16*m + 495. Let i be d(-31). Let r(z) = -12*z**2 - z - 1. What is r(i)?
-12
Let q = 20 - 16. Let y(m) = -4*m + 5. Determine y(q).
-11
Let c(w) = w**2 - 5*w. Suppose -12*v + 15*v - 12 = 